be q*(116/16 - -1). Suppose p*f - 28*f - 155 = 0. Is f a multiple of 16?
False
Let s = 1661 - 902. Is 69 a factor of s?
True
Suppose -3*o + 8 = -67. Is 10/o + 63/5 a multiple of 2?
False
Suppose -2*u = u - 3. Let c be 3*(88/3 + -3). Let l = c + u. Is l a multiple of 16?
True
Let b(i) = -i**2 + 9*i - 10. Let n be b(7). Suppose n*z - 115 = 5*u, -4*z = -u + 2*u - 97. Does 7 divide z?
False
Let n be 3516/22 + (-10)/(-55). Let r = -217 + 105. Let k = r + n. Does 16 divide k?
True
Let m be 0/(1 + -3 + 5). Suppose -4*l + 110 + 18 = m. Does 26 divide l?
False
Is 20 a factor of (91692/(-432))/((3/(-4))/3)?
False
Suppose -n + 396 = 2*h - 1215, -2414 = -3*h + n. Does 14 divide h?
False
Let h(u) be the third derivative of u**5/15 + 11*u**4/12 + u**3/2 - 6*u**2. Let r(s) = -s**2 + 11*s - 7. Let z be r(11). Is h(z) a multiple of 9?
True
Suppose 10*y = 30 + 360. Is y a multiple of 13?
True
Let p = -255 + -193. Let j be ((-6)/(-2))/((-42)/p). Let f = -26 + j. Does 5 divide f?
False
Suppose 2*z - 6 = 4*z - 3*u, z + 1 = u. Suppose 9 = z*d, -2*i = d + 3*d - 220. Does 14 divide i?
False
Is 37 a factor of 4/(-22) - 17304/(-66) - 3?
True
Let k(n) = -24*n + 173. Let z(t) = 16*t - 115. Let r(c) = 5*k(c) + 8*z(c). Does 49 divide r(13)?
True
Let f = 1 - -4. Suppose -5*c - 5*g - 12 = 38, -4*g - 46 = f*c. Let a = 6 - c. Is a a multiple of 12?
True
Let n = 203 - 82. Does 3 divide n?
False
Let z be (-36 + 36)*(-1)/(-4). Is 8 a factor of (368/(-6) + z)*(-18)/12?
False
Let s be 192/42 + (-9)/(-21). Suppose 7*l - 2 = s*l. Is (-1 - l) + 22 + -1 a multiple of 5?
False
Let w = -418 - -789. Does 6 divide w?
False
Suppose 12 = -4*s + 6*s. Let z(a) = a - 8. Let i be z(s). Is (0 + 10)*i/(-2) a multiple of 5?
True
Let k(t) = -t**3 - 19*t**2 + 17*t + 83. Is 2 a factor of k(-20)?
False
Let y = 1251 - 1214. Is y even?
False
Let k = 488 + -428. Does 6 divide k?
True
Suppose 3*z = 15*z - 5220. Is z a multiple of 29?
True
Let b(u) be the third derivative of -u**5/60 + 25*u**4/24 - 4*u**3 - 5*u**2. Does 26 divide b(17)?
False
Let p(z) = 2 + 4 + 0*z**2 - 2*z + 6*z**2 + 2*z**2. Let f be p(-3). Suppose 48 + f = 3*q. Is q a multiple of 11?
True
Is 21 a factor of 189/14*(34 + -6)?
True
Let v be (115/10)/((-3)/(-54)). Suppose 3*b - v = -c, 2*b - 4*b + 2*c = -138. Does 10 divide b?
False
Let m be ((-519)/(-6))/((-18)/8 + 2). Let c = -225 - m. Is 11 a factor of c?
True
Let k = -1213 - -1812. Does 4 divide k?
False
Let y(f) be the second derivative of 27*f**3/2 - f**2/2 - 10*f. Is y(1) a multiple of 20?
True
Let n(p) = -p**3 - 10*p**2 - 5*p + 22. Is n(-10) a multiple of 24?
True
Let t be 4*-6*2/(-16). Suppose 0 = 4*p - p - 6. Suppose -t*l + 106 = -l + 4*r, -5*l = -p*r - 253. Does 17 divide l?
True
Let m(t) = t**2 + 11*t + 3. Let a be (22/3)/((-28)/42). Let r be m(a). Suppose 4*g - 35 = r*g. Does 8 divide g?
False
Let f = -129 + -14. Let z = -91 - f. Is 4 a factor of z?
True
Suppose -b + 15 = 4*b. Let p(n) = -6*n**2 + 3*n - 1. Let u be p(b). Is 6 a factor of (-5)/(-10) + u/(-4)?
True
Let k = -1260 + 2170. Is k a multiple of 65?
True
Let u(t) = -t**3 + 11*t**2 - 8*t - 6. Let o be u(10). Suppose -5 = 3*q - o. Suppose 0*g + 195 = q*g. Does 16 divide g?
False
Suppose 0 = -6*y + 408 - 12. Is 17 a factor of y?
False
Suppose 0 = -5*i - 2*k + 868, -2*i + k + 2*k + 351 = 0. Does 6 divide i?
True
Let m = 34 + 4. Suppose 116 - m = 6*y. Is 8 a factor of y?
False
Suppose 3*t - 2*y + 9 = 0, 11*y = -5*t + 10*y - 28. Let a(b) be the first derivative of -9*b**2/2 - 6*b + 1. Is a(t) a multiple of 13?
True
Suppose 39*z + 770 = 46*z. Is 55 a factor of z?
True
Let g(i) = -283*i + 23. Does 105 divide g(-4)?
True
Suppose -2*c + d = -4*d - 280, -d = -3*c + 394. Let v = 210 - c. Suppose 5*h + 5*l - v = 0, 0*h + 29 = 2*h - l. Is 15 a factor of h?
True
Is 409 + (0 - -5) + 2 a multiple of 26?
True
Let b(a) = -a**3 - 5*a**2 + 3*a + 7. Let m be b(-6). Suppose -4*o = v - m, -158 = -5*v - 3*o + 35. Does 12 divide v?
False
Let u(y) = 8 + 18*y - 24 + 1 + y. Is 11 a factor of u(3)?
False
Let t(l) be the first derivative of 3*l**2 - 24*l - 7. Is 2 a factor of t(6)?
True
Let g be 6/(-2)*(-14)/2. Let s(u) = -5*u - 51. Let b be s(-9). Let y = g + b. Does 14 divide y?
False
Suppose -4*x + 2 = -5*x. Let r = 2 - x. Suppose 24 - 70 = -r*w + 5*o, 3*o + 6 = 0. Is w a multiple of 3?
True
Suppose 2*i = 5*p + 681, -3*i - 3*p + 533 = -499. Suppose 0 = 4*g - 4*t - 1559 + i, g - 3*t = 294. Suppose g = 21*z - 18*z. Is 24 a factor of z?
False
Is 14 a factor of (5436/14 + (-2)/7)*6?
False
Let t be 1 - (-2 + (22 - (2 - -2))). Let n(c) = -8*c - 66. Does 21 divide n(t)?
False
Suppose 5*s + 1247 = 2*r, -5*r + 7*s + 3060 = 6*s. Is 86 a factor of r?
False
Let k(a) = 34*a + 291. Does 11 divide k(-7)?
False
Let p(c) = 2*c**2 - 7*c - 23. Let o be p(-11). Suppose -o = -5*g + 294. Does 25 divide g?
False
Suppose 5749 = 4*o - 5*m, 4*m - m - 9 = 0. Is 12 a factor of o?
False
Suppose -x - 5*c + 15 = 0, 5 = x + c + 6. Let l be ((-6)/x)/(6/15). Suppose 2*m - 3*a = 12, 0*m - l*a + 36 = 2*m. Is 3 a factor of m?
True
Does 45 divide 54 - 53 - (1 - 274)?
False
Let g = -708 + 1295. Is 30 a factor of g?
False
Suppose -5*t + 0 + 5 = 0. Let g be 3 + -1 + (t - -1). Suppose -g*f + 3*f = 2*v - 12, f - 9 = -5*v. Is f a multiple of 7?
True
Suppose -a = 14*a - 1410. Does 33 divide a?
False
Suppose 6*z - 5*z - 94 = 0. Let w = z + 90. Suppose 4*r = 2*x + w, -r + 0*r + 2*x + 49 = 0. Does 10 divide r?
False
Let j(r) = 17*r**2 - 4*r + 5. Is j(1) a multiple of 2?
True
Suppose 19*p - 7 = 18*p. Suppose 6*t + 122 = p*t. Is 26 a factor of t?
False
Let l = 1772 - 870. Does 11 divide l?
True
Let o(v) = v. Let h be o(6). Let r = -4 + h. Suppose 70 = r*k + 3*k. Is k a multiple of 14?
True
Let c(b) = 14*b - 2. Let l(k) = -k + 10. Suppose 0*f + 4*f = 20. Let h be l(f). Is 22 a factor of c(h)?
False
Suppose 0 = 3*j + 178 - 502. Is 10 a factor of j?
False
Suppose -2*y + 5*f + 49 = -11, 3*y + 5*f - 115 = 0. Is 7 a factor of y?
True
Let p = 2324 + 1794. Is 29 a factor of p?
True
Let n(l) = -3*l**3 - 9*l**2 - l + 20. Is 15 a factor of n(-7)?
True
Suppose 3*o + 5 = 197. Suppose -4*d = 4*u - o, 6*d - 2*u - 28 = 4*d. Does 4 divide d?
False
Let b(l) be the second derivative of -l**4/12 - 11*l**3/6 + 6*l**2 + 9*l. Let m = 4 + -13. Is b(m) a multiple of 14?
False
Suppose -5*l + 504 = -436. Suppose 0*w = 4*w - 5*d - l, w = -d + 47. Is w a multiple of 9?
False
Let c be (-4)/(-14) + (-10)/(-14). Is 78/c + (-13 - -9) a multiple of 20?
False
Let i be 3/9 + 1660/6. Suppose 4*q + 5*a - i = 0, q + 4*a + 336 = 6*q. Suppose 2*p = 2*s + q, -3*p - p = 4*s - 112. Is p a multiple of 15?
False
Suppose 2*s = -2*s. Suppose s = -2*f - 44 + 230. Does 31 divide f?
True
Suppose 10*k - 3131 = 7399. Is 10 a factor of (2/(-10) - 0) + k/15?
True
Let m(k) = k**3 - k**2. Let o be m(2). Suppose -v = -o*f + 107, 3*f - 116 = -f + 4*v. Is f a multiple of 5?
False
Let d(b) = b - 3. Let k be (48/(-15))/((-6)/15). Let a be d(k). Suppose 0 = -a*w + 32 + 8. Does 4 divide w?
True
Suppose -5*p + 35 = s + 13, -3*p - s + 12 = 0. Suppose -2*b - 5*n + 289 = 0, -2*n + 7*n = p*b - 670. Suppose 4*k = -25 + b. Is 7 a factor of k?
True
Let v = -38 - -67. Suppose -9 = 5*p - v. Suppose 0 = -4*x - p + 44. Does 2 divide x?
True
Let p(o) = o**3 - 8*o**2 - o + 11. Let f be p(8). Let n(d) = d**2 - d - 1. Let g be n(f). Suppose -k - g*x + 72 = 3*k, k + 4*x - 7 = 0. Does 14 divide k?
False
Let z = -27 + 30. Suppose -z*b - 3 = -0*b. Is 37 a factor of (b*113)/((-11)/11)?
False
Is 42/(-77) - (-1689)/11 a multiple of 12?
False
Let u be (-128)/(-24) - 1/3. Let z(h) = 6*h**2 - 4*h - 1. Is z(u) a multiple of 43?
True
Suppose -v + 12 = n - 188, -n = 4*v - 812. Suppose v = 4*j + 3*r, 4*j + r + 3*r - 208 = 0. Suppose -j = -3*u - 4*k, 4*u - 2*u + 5*k - 39 = 0. Does 6 divide u?
True
Suppose -88350 = -33*z - 60*z. Is 11 a factor of z?
False
Suppose 9*a - 8*a = -8. Let s(r) = -1. Let b(x) = -3*x - 9. Let i(m) = b(m) - 4*s(m). Does 19 divide i(a)?
True
Let n(r) = 2 + 2*r + 1 - 3. Does 7 divide n(9)?
False
Is 38 a factor of ((-38)/5)/(13/(-325))?
True
Let u = 169 - -595. Is 4 a factor of u?
True
Let y = -28 + 39. Suppose -8*f = -y*f + 144. Is f a multiple of 12?
True
Let i(u) be the second derivative of -17*u**5/10 + u**4/4 + u**3/3 + u**2/2 - 11*u. Does 7 divide i(-1)?
False